 + r = -64, b - n = -b + 5*r. List the prime factors of b.
13
Let d(j) = -7*j - 3*j - 2*j. Let m(k) = -k**3 - 9*k**2 + k + 8. Let f be m(-9). What are the prime factors of d(f)?
2, 3
Let v(n) = -4*n - 2. Let k be v(-7). Suppose -5*o = -7*o + k. List the prime factors of o.
13
Let q(g) = -g**3 + 9*g**2 - 13*g - 5. List the prime factors of q(7).
2
Let i(w) = 17*w + 1. Let z be i(1). Suppose -z = -0*s - 3*s - 3*n, -n + 27 = 4*s. What are the prime factors of s?
7
Suppose -266 = -3*k - 4*j - 26, -222 = -3*k + 2*j. List the prime factors of k.
2, 19
Let g(q) = q**2 + 6*q - 4. Let a = -9 + 2. List the prime factors of g(a).
3
Let q be 1*(6/(-3) + 1). What are the prime factors of q/((-236)/(-80) + -3)?
2, 5
Let g = 2 + -2. List the prime factors of 17*(1/1 + g).
17
Let m = 57 - -38. What are the prime factors of m?
5, 19
Let j = -128 + 264. What are the prime factors of j?
2, 17
Let i be 3*-1*(-20)/12. Suppose i*s + 5 = -0. Let j = s + 14. List the prime factors of j.
13
Let x = 14 + 8. List the prime factors of x.
2, 11
Let s = 363 - 227. Suppose s = 8*m - 4*m. What are the prime factors of m?
2, 17
Let l = -27 + 10. Let h be l/(-1) - 1 - 0. Let d = 35 - h. List the prime factors of d.
19
Let o be (-4)/14 + 116/14. Let i = 17 + o. List the prime factors of i.
5
Let x = -11 - -18. Let i(w) = -w**3 + 7*w**2 + 9. Let l be i(x). List the prime factors of (l*1)/(6/8).
2, 3
Let z(d) = 5*d + 11. What are the prime factors of z(4)?
31
Let v(t) = -30*t - 2. Let u = -16 + 15. What are the prime factors of v(u)?
2, 7
Suppose 5*q - 215 = -0*q. List the prime factors of q.
43
Let o = -57 - -82. What are the prime factors of o?
5
Let x(m) = 5*m**2 - 7*m - 12. List the prime factors of x(6).
2, 3, 7
Suppose -4*c - 36 = -4*b, 2*b - c = -2*c + 3. List the prime factors of b.
2
Suppose -2*a + 0 + 80 = 0. What are the prime factors of a?
2, 5
Suppose 0 = -4*r + 7*l - 3*l + 320, 4*l = r - 71. What are the prime factors of r?
83
List the prime factors of -4 + (-258)/(-4) + 1/2.
61
Let w(z) = 5*z**3 - z**2 - 4*z + 5. List the prime factors of w(3).
7, 17
Let o(b) = -5*b**2 - 3*b + 9. Let v(t) = 4*t**2 + 4*t - 9. Let j(i) = 3*o(i) + 4*v(i). Let z be j(-8). What are the prime factors of (-104)/(-12) + z/(-3)?
3
Let h(w) = -14*w - 17. List the prime factors of h(-6).
67
Let d(m) = -34*m + 8. Let h be d(-4). Let s = h - 101. What are the prime factors of s?
43
Suppose 5*g = -n - 4, 0*n = 3*n - 5*g - 8. Let j(l) = 6 - n - l**2 + 1 - 6*l. What are the prime factors of j(-6)?
2, 3
Let t(j) = j**2 - 4*j + 9. Let a be t(6). Suppose a = 5*f - 19. Let w = f + -1. List the prime factors of w.
7
Let d(v) = v**3 - 5*v + 3. Suppose 5*s - 7 = -4*p - 0*p, 5*s = -5. Let j be d(p). Suppose 0 = 2*b - 0*b + 4*n - 20, -5*n = -j. List the prime factors of b.
2
Suppose 4*s - 21 = -5, -5*c - 4*s + 26 = 0. Suppose 0*h + 39 = 2*f + 3*h, 0 = f + c*h - 22. What are the prime factors of f?
2, 3
Let f(q) = 2*q**2 - 29*q + 2. List the prime factors of f(19).
173
Let k = -10 - -19. Suppose k*w = 10*w - 21. What are the prime factors of w?
3, 7
Let b = 36 + 24. List the prime factors of b.
2, 3, 5
Suppose -2 = -t - 0*t. Suppose -t*l + 15 = l. List the prime factors of l.
5
What are the prime factors of ((-44)/(-10))/((-50)/(-125))?
11
Suppose 6*u + 8 = 2*u, -68 = -m - 5*u. List the prime factors of m.
2, 3, 13
Let y = -3 + 3. Suppose y = 3*f - 4*r - 57, 2*f - 5*r - 13 - 18 = 0. What are the prime factors of f?
23
Suppose 0*i + 16 = 2*i. Let v(b) = -b**3 + 8*b**2 - b + 3. Let u be v(i). What are the prime factors of 68/4 - (-2 - u)?
2, 7
Suppose -5*z = -10*z + 835. What are the prime factors of z?
167
Let b be (0*(-2)/(-6))/1. Suppose 4*w + v + 2*v - 3 = b, v = 1. Let a(s) = -s + 4. List the prime factors of a(w).
2
Let n = 9 + -5. Suppose -2*w + 2*x - 52 = -n*w, 3*x - 138 = -5*w. Suppose 0*k = -5*k + w. What are the prime factors of k?
2, 3
Let r(s) = 10*s**2. Suppose k = 5*j - 26, 7*k + 9 = 3*k + j. Let l be r(k). Let z = -2 + l. List the prime factors of z.
2
Let j(o) = -o**3 - 7*o**2 + 9*o + 12. Let z be j(-8). What are the prime factors of (-33)/2*z/(-3)?
2, 11
Suppose -9 = 2*d - 99. What are the prime factors of d?
3, 5
Suppose 0*j - 153 = -3*j. What are the prime factors of j?
3, 17
Let u = -11 - -15. Suppose 2*j = -u*g + 124, 15 + 43 = j + g. List the prime factors of j.
2, 3
Let p = 459 - 180. List the prime factors of p.
3, 31
Let p(n) be the first derivative of 3*n**2 - 5*n - 1. List the prime factors of p(4).
19
Let y = 66 - 46. What are the prime factors of y?
2, 5
Let h(w) = -w + 13 - 8 + 10. List the prime factors of h(13).
2
List the prime factors of (-12)/8*12/9 + 62.
2, 3, 5
Let i(d) = 2*d - 5. Let a(g) = 7*g**2 - g. Let c be a(1). What are the prime factors of i(c)?
7
Let q = 13 - 7. Suppose -10*i + q*i = -88. List the prime factors of i.
2, 11
Let g be 2/(-10) - 36/(-30). Suppose 2*u = -u - 2*r - g, u + 1 = -r. Suppose m - u = 15. What are the prime factors of m?
2
Let k = 6 - 4. List the prime factors of k.
2
Let t be 0/((-1)/(-1) + 0). Suppose -2*y + 5*k - 9 = t, -3*y + 6 = -k + 13. List the prime factors of (1 + y)/(1/(-19)).
19
Suppose 4*i - 24 = 2*u, -i - 2*i + 5*u = -32. Suppose -3*b - 5*z + 6 = 0, 0 = i*b - z + 2*z - 8. What are the prime factors of b?
2
Let d = -6 + 11. Suppose -5*n - 4*m + 2 = -7, -5*n + m = -29. Suppose 2*i = -n*y + d, 0 = 5*i + 24 + 1. List the prime factors of y.
3
Let h = 6 - 5. Let c be h*-2*(-2)/2. Suppose 3*m - 21 = c*x - 5*x, 4*m + 5*x = 31. List the prime factors of m.
2
Let s(u) = 4*u**2 + 4*u + 3. Let r be s(-6). Suppose 4*c = c + r. Suppose 0 = 3*x - 0*n - 2*n - c, x = 3*n + 23. What are the prime factors of x?
11
Let d = 7 - 0. Let t(l) = l**3 - 7*l**2 - 3. Let w be t(d). Let i = w - -6. What are the prime factors of i?
3
Let t = 17 + 0. Suppose -4*r = k + 1 - t, 3*k + 22 = 2*r. What are the prime factors of r?
5
Let p(u) be the second derivative of u**5/20 - 3*u**4/4 + 11*u**3/6 - 9*u**2/2 + 4*u. List the prime factors of p(8).
3, 5
Let s(d) = -d**3 - d**2 - 1. Let f be s(0). Let v be (2*-1 + 4)/f. List the prime factors of (10/3)/(v/(-6)).
2, 5
Let r(u) = u**3 - 4*u**2 + 4*u - 1. List the prime factors of r(5).
2, 11
Let z(a) = -a - 6. Let r be z(-5). Let m = 20 + -14. Let j = m + r. List the prime factors of j.
5
Let n = -116 + 249. What are the prime factors of n?
7, 19
Let f(y) = -y**3 - 5*y**2 - y - 6. Let p be f(-5). What are the prime factors of -3 + 14 + p + 2?
2, 3
Let k(a) = 3*a**3 + 5*a - 1 + 3*a**2 + 4*a**3 - 8*a**3. Suppose 3*y - y - 8 = 0. List the prime factors of k(y).
3
Suppose 5*u + 4 = 5*f - 26, 4*u = 3*f - 21. Suppose f*s - 1 = 5. What are the prime factors of 9/(-2 - -5 - s)?
3
Let t = -49 + 71. Suppose 2*x = -4*d - 0*x + t, 0 = -4*d + 4*x + 4. Suppose d*m - 2*a = 64, -4*m = -m + 4*a - 59. What are the prime factors of m?
17
What are the prime factors of (-167)/(-3)*(6 - 3)?
167
Let z(p) = p**3 + 3*p**2 - 3*p - 4. Let f be z(-3). Let l(i) = 4*i**3 + i**2 - 4*i - 5. Let d be l(-2). List the prime factors of (6/f)/((-10)/d).
3
Suppose 4*h - 38 = -2*o - 0, 4*o = 20. Suppose h*f + 30 = 9*f. List the prime factors of f.
3, 5
Let o be ((-6)/(-3))/(-2) + 5. Suppose o*u - 15 - 17 = 0. List the prime factors of u.
2
Let l be 0 + 3*(-2 + (-20)/(-12)). Let n(y) be the third derivative of y**5/4 - y**4/24 + y**2. List the prime factors of n(l).
2
Let v(f) = f**3 - f**2 + f + 3. Suppose 5*l = -6 - 4. Let i = -2 - l. List the prime factors of v(i).
3
Let i(j) = j**3 - 11*j**2 + 14*j + 1. Let z be i(10). Let t = z - 24. What are the prime factors of t?
17
Suppose 4*w = -5*u + 253, -3*w - 67 = -4*w - 5*u. What are the prime factors of w/2 + -10 + 14?
5, 7
Let w = 11 + 16. Suppose 3 = 3*f - 5*n + 22, f + 5*n = w. Suppose c - 2*c + 46 = 2*j, f*j = 5*c + 34. List the prime factors of j.
2, 11
Let q be ((-2)/(-5))/(6/30). Let c(y) = 2*y**2 + 1 + 5*y - y**2 - 4*y. What are the prime factors of c(q)?
7
Suppose o = 345 - 57. List the prime factors of o.
2, 3
Let s = 54 - -101. What are the prime factors of s?
5, 31
Let b = -3 + -1. What are the prime factors of (2*-24)/b + 2?
2, 7
Let b(j) = -2*j + 22. What are the prime factors of b(-13)?
2, 3
Let g = 144 - 56. List the prime factors of g.
2, 11
Let q(r) = 31*r + 8. What are the prime facto